 + 175*f + 1437. Determine a(-28).
7
Let u(q) = -q**3 + 7*q**2 - 15*q + 9. Let j be 2 - (-6 + (2/14 - 675/(-175))). What is u(j)?
-3
Let a(f) = -f + 2. Let z(l) = -2*l - 21 - 7 + 8. Let o be z(-11). Suppose 5*m = -5*d, 3*m + 3*d = o*m + 6. What is a(m)?
5
Let h(y) = 10*y**2 - 18*y**2 - 11*y**3 - 4 - 6*y + 3*y**2 + 7*y**2 - 5*y**2. Calculate h(-1).
10
Suppose 0 = -p - 27 + 31. Let f(z) = 23*z + p - z**3 - z - 10*z - 5*z**2 - 5*z. Let w = -2 + -4. Determine f(w).
-2
Let l(r) = r**3 - 4*r**2 - 2*r - 3. Let h be 3*(2 + (-64)/24). Let s be (-1 - 25/15)*3/h. What is l(s)?
-11
Suppose 3*j + j = 20. Suppose m + 2 = -3*l + 1, -l = -j*m + 11. Suppose 4*h - 4 + 5 = -5*x, 5*x = -m*h - 3. Let u(r) = 7*r**2 + 1. Give u(h).
8
Let n(k) = 2*k**2 + 12*k - 27. Let t be (20 + -17)*((-28)/12 + 3). Calculate n(t).
5
Let i be 320/(-24)*(30/(-24) + 5/10). Let t(x) = -2*x - 21. What is t(i)?
-41
Let v(u) be the first derivative of -u**3/3 - 3*u**2 - 7*u - 2. Suppose 5*h - 1245 + 1235 = 0. Suppose -4*x - 5*r - 43 = -h*r, 4*x + 3 = 5*r. Give v(x).
-14
Let z = 162268/97359 + -1/32453. Let q(d) be the first derivative of 34 - 4*d + d**2 + z*d**3 - 1/4*d**4. Determine q(5).
6
Let a(m) = -2*m**2 + 21*m - 5. Let l(p) = -3*p**2 + 41*p - 11. Let v(k) = -5*a(k) + 3*l(k). Let c be v(-9). Let t = -88 - c. Let y(u) = 4*u - 1. Determine y(t).
3
Suppose g = 2*h + 3, 4*h + 33 = -2*g + 7. Let y(b) be the second derivative of 1/3*b**3 - 3*b**2 + 0 + 1/12*b**4 - 5*b. What is y(g)?
9
Let m(s) be the second derivative of -26 + s + 1/2*s**2 + 5/3*s**3. Suppose 3*f = -0*g - g - 7, -2 = -f + 4*g. Determine m(f).
-19
Let v(t) = -t**3 + 9*t**2 + t - 2. Let m(s) = -4*s - s - s + 37 + 4*s. Let r be m(14). What is v(r)?
7
Let q = 72 - 69. Suppose -15 = q*h - 42. Let a(i) = -i**3 + 8*i**2 + 11*i - 7. What is a(h)?
11
Let v(x) = -x**3 - 11*x**2 - 6*x + 10. Let j(s) = -5 - 92*s + 93*s + s**2 + 0 + 1 + 3. Let c(i) = -5*j(i) - v(i). What is c(-6)?
-11
Let z(t) = t + 7. Let o be z(-5). Let l(c) = -6 - o*c + 4 - 8. Let v be ((-16)/22)/(21756/(-462) - -47). Determine l(v).
-26
Let f(z) be the first derivative of -z**3/3 + 2*z**2 - 2*z - 5859. Let h be (-2 + 0)*(-9)/6. Determine f(h).
1
Let q(o) = o**3 - 5*o**2 + 3*o. Let m be 28/7 - ((-28)/2 - -2). Suppose -m*j + 10 = -22. Determine q(j).
-6
Let x(i) be the third derivative of 0*i + 1/3*i**3 + 0 - 1/60*i**5 + 0*i**4 + 94*i**2. Determine x(2).
-2
Let u(w) = 3*w**2 + 2*w - 1. Suppose 6*b - 9*b = 5*r - 28, -b - 3*r + 16 = 0. Let m be 11/(33/(-5)) - b/3. Calculate u(m).
7
Let l(g) = 48*g**2 + 12*g**3 - 19*g**2 + 2*g - 1 - 11*g**2 + 2 - 16*g**2. Determine l(-1).
-11
Let v(t) = -t**2 + 16. Let m be v(4). Suppose m = -3*p - 0*p + 18. Let j(w) = w - 2. What is j(p)?
4
Let t(h) = h**2 + 4*h + 1. Let y(n) = -n + 11. Let r be y(8). Suppose 0*d = 2*d - 2, r*o - d = 5. Suppose -3*m - 9 = o*p, 0 = 5*p - 9*m + 4*m + 10. Give t(p).
-2
Let f(d) = 19*d**2 - 12*d + 8. Let w(h) = -2*h**2 - h + 2. Let r(l) = -f(l) - 9*w(l). Give r(20).
-6
Let x(g) = -g**3 + 8*g**2 - 11*g - 3. Let o(q) = q**2 + 2*q + 6. Let m = 659 + -659. Let p be o(m). Give x(p).
3
Let s(j) be the first derivative of 2*j**2 - 3*j - 2. Let f(u) = -5*u + 52. Let t be f(6). Let h be ((-8)/t)/(22/(-121)). Determine s(h).
5
Let j = 14 - 7. Let m(t) = 11*t + 21. Let o(d) = 31*d + 54. Let z(w) = -11*m(w) + 4*o(w). Calculate z(j).
6
Let t(o) = o**2 - 18*o - 3. Let g be t(18). Let c(z) = 1 + 3*z**2 + z**3 - 86*z + 86*z + 0*z**3. What is c(g)?
1
Let t(i) = -i**2 - 25*i + 387. Let y be t(-36). Suppose -2*g + 35 - 15 = 0. Let a(h) = 4 - h**3 + 3 - g*h**2 - 9*h - 6. Calculate a(y).
1
Let p(d) be the second derivative of -d**3/3 - 14*d**2 - 16*d - 44. Determine p(-10).
-8
Let y(a) be the third derivative of a**5/60 + a**4/3 + 49*a**3/6 - 5*a**2 + 2*a - 23. Determine y(0).
49
Let y(v) = 2*v**2 - 3*v - 4. Let t = -6410 - -6412. Determine y(t).
-2
Suppose 0 = -9*s + 18. Let t(p) = 1508*p**2 + 3 - s*p - 1 + 3*p - 1509*p**2. Calculate t(4).
-10
Let s(w) = -7*w - w - w - 2 + w + 15*w - 8*w. Suppose -4*l + 2*l + 4 = 0, 4*r + 3*l - 26 = 0. Calculate s(r).
-7
Let i(f) be the second derivative of -1/12*f**4 + 1/6*f**3 + 0*f**2 - 3/10*f**5 - 7*f + 4. Calculate i(1).
-6
Let y be (1/(-1))/(2 - (-11)/(-5)). Suppose -6*l = -y*l. Let z(a) = -a**2 + a + 3. Give z(l).
3
Let z(u) be the first derivative of 3 + 11*u + 0*u**2 - 10/3*u**3. Let g(v) be the first derivative of z(v). Determine g(1).
-20
Let q(n) = 4*n + 45. Suppose 297*m - 253*m + 396 = 0. Determine q(m).
9
Let p = -25 - -30. Suppose -p*g - 264 = -4*y, 0*g + 2*g + 198 = 3*y. Let h(s) = 32*s - y*s + 37*s + 4. What is h(-3)?
-5
Let b(s) = -s**3 + 9*s**2 + 8*s - 64. Let v be b(9). Let y(i) = -2*i + 3*i - 5*i**2 + 0*i + v - 7. Calculate y(1).
-3
Let r(d) = 3*d - 17. Suppose 3*m + 4*k = 752, 0 = -3*m + 2*k + 288 + 470. Suppose -13*q + 34*q - m = 0. What is r(q)?
19
Let p(j) be the third derivative of 0*j**3 - j**2 + 0*j - 1/24*j**4 + 0. Let o = 2116 + -2118. What is p(o)?
2
Let l(q) = q - 4. Let m = -714 + 716. Let c be 51*2/18*3. Suppose 0 = 4*f - n - m*n - c, 3*f - 2*n = 13. What is l(f)?
1
Let u(p) = -2*p - 1. Suppose 8*h - 4 = 6*h. Suppose -b = 3 + h, -3*x + 5*b = -43. Determine u(x).
-13
Let m(c) = -c**2 + 2*c + 1. Suppose 0 = -3*n + 12, -6 = 5*v + n + 5. Let z(w) = 4*w**2 - 4*w - 4. Let l(q) = v*m(q) - z(q). Give l(-4).
-7
Let a(z) be the third derivative of -11*z**4/24 - 7*z**3/2 + 2048*z**2. Calculate a(-3).
12
Let g(f) be the third derivative of f**6/120 - f**5/5 + 3*f**3/2 - 3*f**2 + 41. What is g(12)?
9
Let r(a) = a**2 - 19*a - 129. Let j(o) = o**3 + 30*o**2 + 47*o - 258. Let z be j(-28). Calculate r(z).
21
Let y be (-5)/(-2)*9/(-30)*-4. Let p be -41*((-2)/5 + y/(-5)). Suppose -p = -4*j - 29. Let l(a) = 2*a - 2. Calculate l(j).
4
Let x(h) = -h**2 - 14. Let y be 5*10/(100/6). Let r be -12 + 5 + 10 - y. What is x(r)?
-14
Let q = -53 - -53. Suppose -g + f - 59 = q, 5*f + 2 = 3*g + 189. Let p = g + 47. Let b(m) = m + 5. Give b(p).
-2
Suppose 83*y = 82*y - 2*m, 0 = y + m. Let j(i) = -i + 11. Determine j(y).
11
Suppose -26*a - 72 = -27*a. Let x(b) = 144 + b - 65 - b**3 - a. Give x(0).
7
Suppose 10 = 2*w - n, 3*w = 3*n + 6 + 15. Suppose 0 = -3*x + 15 - 6. Let c(m) = w - 9*m**3 + 7*m**2 + 19*m**x + 2 - 9*m**3 + 6*m. Determine c(-6).
5
Let m(t) = 92611 - t**2 - 92594 + 84*t - 90*t. Determine m(-11).
-38
Suppose -3*z - 3 = -3*l, 61*l - 4*z = 64*l - 31. Let i(f) be the third derivative of f**4/12 + 5*f**3/6 + 151*f**2. Give i(l).
15
Let y(f) = -f + 12. Let t be (-6 + 8)/(-1 + 3/5). Let p = t + 12. What is y(p)?
5
Let c = 1808 - 1814. Suppose 5*w = 2*w + 12. Let q(o) = -2 + 4 - w - 3*o. Calculate q(c).
16
Let w = 232 + -230. Let z(q) = 7 + 4*q**w + 9*q - 3*q**2 + 2*q + q**2. Give z(-5).
2
Let t = 2 - -5. Let y be (-16)/104 - (0 + 513/(-39)). Suppose u = -y + t. Let p(j) = -j**2 - 5*j + 8. What is p(u)?
2
Let l = 9 - 15. Let q(k) = k**3 + 6*k**2 + 5*k + 63. Let c(v) = 2*v + 20. Let f(r) = 3*c(r) - q(r). Determine f(l).
-9
Let f(u) = u**3 + 17*u**2 + 56*u + 14. Suppose 408*p - 406*p + 2*v + 30 = 0, -33 = 2*p + 3*v. Determine f(p).
62
Let v(b) = -b**3 + 5*b**2 + 4*b - 1. Let q be 1/2*1/((-1)/(-10)). Suppose -4*g + 21 + 15 = -5*i, q*i + 16 = -g. What is v(g)?
31
Suppose 4*j = -4*w - 228, j - 3*j - w - 113 = 0. Let s = -50 - j. Let g(u) = u**3 - 7*u**2 + 5*u + 2. Determine g(s).
-4
Let z(d) = -2*d**3 - 11*d**2 + 5*d - 10. Suppose -3*p - 1 = -3*x - 10, 0 = 2*x - 5*p - 6. Calculate z(x).
102
Let s(t) = t**3 + t**2 - 14*t + 7. Let b be s(3). Let o(l) = b + 6 - 2 + l - 4 + l. Determine o(-3).
-5
Let p(f) be the first derivative of -27 - 4*f - f**2 + 1/3*f**3. Suppose -2*z - 5*j = -26, -2*z - 4*j + 12 + 10 = 0. What is p(z)?
-1
Let i = -3074 + 3083. Let c(p) = p**3 - 9*p**2 + 4*p + 3. Calculate c(i).
39
Let c(l) = -23*l**3 + 60*l**2 - 13*l - 97. Let u(o) = 5*o**3 - 15*o**2 + 3*o + 24. Let v(n) = -2*c(n) - 9*u(n). What is v(-15)?
-7
Suppose b - 4 - 8 = 0. Let j(m) be the second derivative of m**5/20 - 11*m**4/12 - 11*m**3/6 + 2*m**2 + 8240*m. Give j(b).
16
Let g(s) = s**3 - 5*s**2 + 5*s - 3. Let p be (-3 - 14/(-6))*(22 - -2). Let y be 246/9 - (-2 - p/12). Suppose -25*j + 18*j + y = 0. Give g(j).
1
Let f be 713/(-161) - 9/(-21). Let x(k) = 11*k + 6. Give x(f).
-38
Let o be (-6)/(-93) - (-424